-y*j = -r + 2*r - 99. What are the prime factors of j?
2, 3
Let t = -39 - -60. Let l be (5 - t)/(2 - (-56)/(-27)). Let c = l + -57. List the prime factors of c.
3, 53
Let t(c) = -2570*c + 5871. List the prime factors of t(-7).
107, 223
What are the prime factors of (-88)/(-110) + (-51005)/25*-1?
13, 157
Suppose 3*z + 4511 = -3*n - 838, -3*z - 7133 = 4*n. Let p = n - -2826. What are the prime factors of p?
2, 521
Let h be 1484/(-308) + (-4)/22 + 5441. Suppose -11*q + h = 783. What are the prime factors of q?
3, 47
Let q = 100 + -88. Let h be -2*(-8)/q*-3 - 204. Let v = h + 426. List the prime factors of v.
2, 109
Let l = -2272 + 337. Let t = -361 - l. What are the prime factors of t?
2, 787
Let k = 22 - 23. Let u(v) = 550*v**2 - 10*v - 10. What are the prime factors of u(k)?
2, 5, 11
Let f(x) = 2*x - 3. Let t be f(9). Let v(c) = -c**3 + 22*c + t*c**2 + 3*c - 5 - 6*c. List the prime factors of v(16).
43
Let b = -1201 + 1885. List the prime factors of (6 + -9)*(-4)/6 + b.
2, 7
Suppose 6*n - 64 = 4*n. Let l be n/(-6)*(-3)/2. Suppose -l*f - 24 = -11*f. What are the prime factors of f?
2
Let f(l) = -814*l + 482. What are the prime factors of f(-16)?
2, 3, 2251
Let y = 6903 - 1967. What are the prime factors of y?
2, 617
Let x(k) = k + 4*k - 2*k - 4*k + 70. Suppose -f = 5*m - 4 + 9, f - 2 = 2*m. List the prime factors of x(f).
2, 5, 7
Let z = -23171 - -53567. What are the prime factors of z?
2, 3, 17, 149
Let q(g) = 2*g**3 - g**2 + 4*g - 7. Let w be q(5). Suppose -w = -10*y + 8*y. What are the prime factors of y?
7, 17
Let f(h) = -10*h - 26. Let v be f(-7). Let l = -27 + v. List the prime factors of l.
17
Let t = -277 + 1393. Let k = -93 + t. List the prime factors of k.
3, 11, 31
Let b(v) = 4*v**3 - 367*v**2 + 330*v + 104. List the prime factors of b(93).
7, 1511
Suppose -2*i + 5*i + 2*m = 1051, -4 = m. Let h = i - 154. What are the prime factors of h?
199
List the prime factors of (-21)/(-4*24/9856).
2, 7, 11
Suppose 132*b - 118*b - 448 = 0. Suppose -b*k + 41839 = 11*k. What are the prime factors of k?
7, 139
List the prime factors of 1 - -9382 - ((-2)/1 + -2).
3, 7, 149
Suppose 2*x - 112 = -3*p, -4*x + 0*x = 3*p - 116. What are the prime factors of ((-22)/(-6) - 3)*p?
2, 3
Suppose u - 2*u = -6*u. Let o(y) = 1 - 5*y + 3*y + 0 + u. List the prime factors of o(-13).
3
Let b = -15898 - -25883. What are the prime factors of b?
5, 1997
List the prime factors of ((-4)/(-2 - (-240)/124))/(114/16701).
31, 293
Suppose -2*o = 3*f - 6*f + 3785, -4*f = 3*o - 5075. Let i = f + -350. List the prime factors of i.
3, 5, 61
Let y(i) = 232*i**2 + 33*i - 35. List the prime factors of y(4).
13, 293
Let d(p) = p**3 - 98*p**2 + 101*p + 1255. What are the prime factors of d(99)?
5, 4211
Let p be ((-12)/7)/(33/(-154)). What are the prime factors of 1092/16 + -3 + 22/p?
2, 17
Let d(t) = 10575*t**2 - 26*t - 45. What are the prime factors of d(-2)?
42307
Let x = 704 + 2199. Suppose 45*j - 382 = x. What are the prime factors of j?
73
Let d = -142 + 142. Suppose 15*y + 3*y - 7740 = d. List the prime factors of y.
2, 5, 43
Suppose 33*g = 85216 + 607025. List the prime factors of g.
11, 1907
Let a(z) = -11*z - 48. Let m be a(-5). Suppose m*y = -7*y + 17556. List the prime factors of y.
2, 3, 11, 19
Let x be 3*(-3 - -2) + 17. Let c be (-2)/x*2 - (-138)/42. Suppose 0 = -s - c, 0*d + 692 = 4*d - 4*s. List the prime factors of d.
2, 5, 17
Let o = -264 + 132. Let f = o - -184. What are the prime factors of f?
2, 13
Suppose -4*c + 46360 = -4*h, 5*c - h - 57968 = 2*h. List the prime factors of c.
7, 1657
Let j be 5/10 - 1875/(-10). Let n = 352 - j. What are the prime factors of n?
2, 41
Let g(h) = 2228*h**2 + 254*h - 507. What are the prime factors of g(2)?
3, 2971
What are the prime factors of ((-52)/(-10))/((-20)/(-16750))?
5, 13, 67
List the prime factors of 274/(-685) + -4*(-22271)/10.
2, 17, 131
Suppose 305 - 60 = 35*g. Suppose 0 = -2*m + 512 + 532. Suppose g*h - m = h. What are the prime factors of h?
3, 29
Let r(h) be the first derivative of h**3/3 - h**2/2 + 24. Let k(b) = -b**3 + 9*b**2 + 3*b + 13. Let x(a) = -k(a) - 2*r(a). What are the prime factors of x(12)?
7, 17
Let f(s) = 1317*s**2 - 4*s - 17. What are the prime factors of f(5)?
2, 4111
Let n(m) = 12*m**2 + m + 13. Let v be n(-10). Suppose 2*p + v = -r - 2*r, r + 391 = -4*p. Let f = r + 617. What are the prime factors of f?
2, 107
Let u(y) be the third derivative of y**5/30 + y**4/8 + 11*y**3/2 - 43*y**2. What are the prime factors of u(11)?
2, 7, 11
Let t(x) = 5*x - 63. Suppose 0 = -y - 0*y + p + 20, -2*y - 3*p = -15. Let r be t(y). What are the prime factors of 8/1*(150/r + -6)?
2, 13
Suppose -8*w - 9*w = -447763. Suppose -9419 + w = 20*b. List the prime factors of b.
2, 3, 47
Let b(p) = 8*p**2 + 43*p + 94. Let r(y) = -3*y**2 - 15*y - 31. Let u(w) = -4*b(w) - 11*r(w). Suppose h = 3*h + 16. What are the prime factors of u(h)?
5, 17
Let s(j) = 7*j**3 - j**2 - 2*j - 197. Let z be s(0). Let g = z + 261. List the prime factors of g.
2
Let y(g) = -6 + 5*g**2 + 17*g + 5 - 5 + 3. List the prime factors of y(3).
3, 31
Suppose f - 25 = -2*x, -4*x + 7*f = 2*f - 15. Suppose x*y - 409 = 1. List the prime factors of y.
41
Suppose 0 = 17*g - g - 1008. List the prime factors of ((-30)/g)/5 - (-439736)/399.
2, 19, 29
Suppose -2*r + 217*t = 221*t - 488, 0 = 5*r + 4*t - 1190. What are the prime factors of r?
2, 3, 13
Suppose k - 5*p - 2709 + 638 = 0, -4*k - 2*p + 8262 = 0. List the prime factors of k.
2, 1033
Let b(c) = 130*c**3 - c**2 + 13*c + 24. Let f be b(-2). Let k = f - -1628. What are the prime factors of k?
2, 3, 97
Let u(g) = 15*g**2 - 3*g + 2. Suppose 10*r - 238 = 3*r. Let z = 32 - r. What are the prime factors of u(z)?
2, 17
Let k(h) = -2*h**2 - 55. Let c be k(0). Let a(l) = 21*l - 35. Let i be a(6). Let g = i + c. List the prime factors of g.
2, 3
Suppose -3*c = -7*k + 2*k + 206, -3*k = -2*c - 124. Suppose 2*w + 3*w = 3*j - k, 0 = -4*w + 2*j - 30. List the prime factors of -1 - 1 - (-6 - w) - -95.
2, 47
Let f = -41 + 37. Let h = 44 + f. Suppose -8*p = -12*p + h. What are the prime factors of p?
2, 5
Let d = -120 - -212. Let z = 96 - d. Suppose -30 = -2*i - 4*f, -i + z*i + 5*f = 47. What are the prime factors of i?
19
Let u(p) = 2*p**3 - 20*p**2 + 13*p + 10. Let l(w) = w**3 + w**2 - w - 1. Let y(b) = -3*l(b) + u(b). What are the prime factors of y(-25)?
863
Suppose -4*k = -3*n + 41841 - 182070, 9*k = -3*n + 315447. What are the prime factors of k?
2, 3, 23, 127
Let k(y) = -y**2 - 32*y - 3. Suppose -5*q = o + 22, -4*q = o + 34 - 14. What are the prime factors of k(o)?
3, 79
Suppose -1328644 - 1274564 = -79*a. What are the prime factors of a?
2, 3, 1373
Suppose 9*c - f = 10*c - 3734, -2*c - 4*f + 7456 = 0. List the prime factors of c.
2, 5, 11, 17
Let b(q) be the second derivative of -11/6*q**3 + 0 + 16*q - 1/12*q**4 - q**2. List the prime factors of b(-9).
2
Let p(a) = 2*a**2 - 21*a - 13. Suppose 9*i = -45 + 144. Let c be p(i). List the prime factors of c*105/(-10) + 5.
2, 13
Suppose o - v + 2*v - 139 = 0, -5*o + 660 = -2*v. Suppose -o = -a - d, -2*a - d + 327 = 62. What are the prime factors of a?
131
Suppose -8*c + 0*c = -23892 - 117020. What are the prime factors of c?
2, 8807
Let n = 11687 + 18625. What are the prime factors of n?
2, 3, 421
Suppose -14*g = -12*g - 26. Let m(j) = j**2 - 19*j**3 + 3*j + 10 + 18*j**3 + g*j. List the prime factors of m(-5).
2, 5
Suppose h + 9606 = 5*a - h, -5*a - h = -9612. Suppose -4*b = 3*s - a, 5*s - 2993 = 2*b + 193. List the prime factors of s.
2, 11, 29
Let k(i) = 167*i + 143. What are the prime factors of k(58)?
9829
Let w(i) = 22*i**2 + 59*i - 1005. What are the prime factors of w(-31)?
2, 23, 199
Let h(k) = -11 + k + 15 + 19 - 1. Let u(g) = -2*g - 23. Let x(y) = -6*h(y) - 5*u(y). What are the prime factors of x(9)?
19
Let o(n) = 54*n**2 + 105*n - 48. What are the prime factors of o(-21)?
3, 7187
Suppose 99*g + 12715 - 182797 = 0. List the prime factors of g.
2, 859
Suppose j - k - 1 = 5, -j - 3*k = 10. List the prime factors of 113 + j + 0 + -2.
113
Suppose 4*c + 26 = -3*t, t + 7 = -0*c - c. Let l = 2 + 2. List the prime factors of l + 1 + t + 86.
89
What are the prime factors of (78/130)/((-6)/(-95230))?
89, 107
Suppose 0 = -8*q + 57 - 201. Let s(p) = -p - 8. Let l be s(-2). What